21 is divided by 1620.
1581
What is the remainder when 12905769 is divided by 23046?
9
Calculate the remainder when 82985 is divided by 13222.
3653
Calculate the remainder when 2983372 is divided by 1541.
1537
Calculate the remainder when 10499788 is divided by 167.
164
Calculate the remainder when 19821 is divided by 19821.
0
Calculate the remainder when 5904606 is divided by 1727.
1720
Calculate the remainder when 826349 is divided by 3924.
2309
Calculate the remainder when 471760980 is divided by 119.
117
What is the remainder when 6829290 is divided by 6829261?
29
Calculate the remainder when 76505 is divided by 76475.
30
Calculate the remainder when 2090257648 is divided by 666.
664
What is the remainder when 16781248 is divided by 54662?
14
Calculate the remainder when 832036 is divided by 87.
55
Calculate the remainder when 121975 is divided by 20084.
1471
Calculate the remainder when 590561 is divided by 1443.
374
What is the remainder when 206294 is divided by 168?
158
What is the remainder when 115366505 is divided by 32?
9
Calculate the remainder when 35026451 is divided by 108.
107
What is the remainder when 34474044 is divided by 325?
319
Calculate the remainder when 104576501 is divided by 148.
145
What is the remainder when 928972 is divided by 38?
24
Calculate the remainder when 69566595 is divided by 94.
15
Calculate the remainder when 1352012 is divided by 136.
36
Calculate the remainder when 878288 is divided by 10093.
197
Calculate the remainder when 628713367 is divided by 21.
16
Calculate the remainder when 24985904 is divided by 249859.
4
What is the remainder when 22287633 is divided by 28?
25
What is the remainder when 579008 is divided by 612?
56
What is the remainder when 161245 is divided by 2439?
271
Calculate the remainder when 1520973 is divided by 21725.
223
What is the remainder when 905951 is divided by 101?
82
What is the remainder when 20884030 is divided by 10442009?
12
Calculate the remainder when 393273 is divided by 81.
18
Calculate the remainder when 225533 is divided by 11516.
6729
Calculate the remainder when 3500498 is divided by 81.
2
Calculate the remainder when 40779373 is divided by 125.
123
Calculate the remainder when 41337803 is divided by 16.
11
Calculate the remainder when 223982 is divided by 37320.
62
What is the remainder when 25183338 is divided by 138?
132
What is the remainder when 41455655 is divided by 13818550?
5
Calculate the remainder when 376599 is divided by 353.
301
What is the remainder when 334741 is divided by 36361?
7492
What is the remainder when 65498 is divided by 65476?
22
What is the remainder when 598652 is divided by 598303?
349
What is the remainder when 4266701 is divided by 584?
581
Calculate the remainder when 34501 is divided by 11245.
766
What is the remainder when 78988667 is divided by 4509?
5
What is the remainder when 1072575 is divided by 76?
63
What is the remainder when 82316852 is divided by 9?
8
What is the remainder when 79020792 is divided by 5268052?
12
What is the remainder when 173689207 is divided by 309?
307
What is the remainder when 2537126 is divided by 256?
166
What is the remainder when 1408774 is divided by 379?
31
What is the remainder when 1483560 is divided by 119?
106
Calculate the remainder when 2048864 is divided by 1866.
1862
What is the remainder when 2504454 is divided by 1893?
15
Calculate the remainder when 2222067 is divided by 4223.
769
Calculate the remainder when 3639258 is divided by 554.
32
What is the remainder when 49991322 is divided by 109?
107
Calculate the remainder when 140839 is divided by 1292.
11
Calculate the remainder when 456347 is divided by 224590.
7167
What is the remainder when 770699 is divided by 545?
69
Calculate the remainder when 14520861 is divided by 44.
25
Calculate the remainder when 103011 is divided by 3324.
3291
What is the remainder when 76873 is divided by 7101?
5863
Calculate the remainder when 844859 is divided by 422346.
167
What is the remainder when 292105 is divided by 3202?
723
Calculate the remainder when 577601 is divided by 112.
17
Calculate the remainder when 10611583 is divided by 10611573.
10
Calculate the remainder when 1839759 is divided by 290.
289
Calculate the remainder when 21629966 is divided by 349.
342
Calculate the remainder when 28284296 is divided by 742.
740
Calculate the remainder when 156335 is divided by 234.
23
What is the remainder when 35704 is divided by 3359?
2114
What is the remainder when 1732173 is divided by 247449?
30
What is the remainder when 292503 is divided by 172?
103
What is the remainder when 210895 is divided by 19?
14
Calculate the remainder when 14687517 is divided by 917969.
13
What is the remainder when 58012 is divided by 17147?
6571
Calculate the remainder when 1369925 is divided by 394.
381
Calculate the remainder when 23525 is divided by 4616.
445
What is the remainder when 11044291 is divided by 2468?
2459
Calculate the remainder when 34225 is divided by 15962.
2301
Calculate the remainder when 11075394 is divided by 5055.
4944
Calculate the remainder when 1999329 is divided by 567.
87
What is the remainder when 16190253 is divided by 114824?
69
What is the remainder when 17465 is divided by 1731?
155
Calculate the remainder when 398100 is divided by 43.
6
Calculate the remainder when 65178161 is divided by 171974.
15
What is the remainder when 10146096 is divided by 1684?
1680
Calculate the remainder when 383380312 is divided by 2902.
2896
Calculate the remainder when 230031 is divided by 1113.
753
What is the remainder when 1881030 is divided by 268711?
53
Calculate the remainder when 71760724 is divided by 28.
0
Calculate the remainder when 6076474 is divided by 162.
16
What is the remainder when 81624115 is divided by 2633035?
30
Calculate the remainder when 146509 is divided by 146416.
93
What is the remainder when 5106977 is divided by 4395?
4382
Calculate the remainder when 3236308 is divided by 42.
40
What is the remainder when 58930 is divided by 7079?
2298
What is the remainder when 32299706 is divided by 1291988?
6
What is the remainder when 31336062 is divided by 511?
9
Calculate the remainder when 248594 is divided by 31.
5
Calculate the remainder when 39309557 is divided by 29.
28
What is the remainder when 440291 is divided by 88023?
176
Calculate the remainder when 449067 is divided by 2810.
2277
Calculate the remainder when 34582695 is divided by 34582686.
9
Calculate the remainder when 12399088 is divided by 55.
53
What is the remainder when 2613066 is divided by 2194?
12
Calculate the remainder when 349198109 is divided by 30.
29
Calculate the remainder when 4266529 is divided by 527.
464
Calculate the remainder when 14497 is divided by 2109.
1843
What is the remainder when 73711 is divided by 332?
7
What is the remainder when 25183339 is divided by 18?
7
What is the remainder when 36834494 is divided by 12278157?
23
What is the remainder when 29247 is divided by 4223?
3909
Calculate the remainder when 986075 is divided by 894.
887
Calculate the remainder when 3285849 is divided by 13091.
8
What is the remainder when 11541731 is divided by 721358?
3
Calculate the remainder when 237363262 is divided by 704342.
8
Calculate the remainder when 2293225 is divided by 19434.
13
Calculate the remainder when 1115708 is divided by 159138.
1742
What is the remainder when 117705 is divided by 1026?
741
What is the remainder when 36107 is divided by 85?
67
What is the remainder when 108207973 is divided by 211?
210
What is the remainder when 629183 is divided by 2886?
35
What is the remainder when 838286 is divided by 32241?
20
What is the remainder when 37324306 is divided by 2708?
2650
Calculate the remainder when 755016318 is divided by 30.
18
Calculate the remainder when 35588 is divided by 1314.
110
What is the remainder when 33648 is divided by 33136?
512
Calculate the remainder when 4115927 is divided by 587988.
11
Calculate the remainder when 3945007 is divided by 2111.
1659
Calculate the remainder when 20258 is divided by 6013.
2219
Calculate the remainder when 33177527 is divided by 9.
8
Calculate the remainder when 1046565 is divided by 3239.
368
Calculate the remainder when 5685437 is divided by 397.
0
What is the